{"id":630,"date":"2025-04-17T18:17:14","date_gmt":"2025-04-17T21:17:14","guid":{"rendered":"https:\/\/webdae.uta.cl\/?page_id=630"},"modified":"2025-07-01T17:23:26","modified_gmt":"2025-07-01T20:23:26","slug":"ludoteca-dae-2","status":"publish","type":"page","link":"https:\/\/webdae.uta.cl\/index.php\/ludoteca-dae-2\/","title":{"rendered":"Ludoteca DAE"},"content":{"rendered":"\n<p>FECHAS Y LUGARES DE LUDOTECA 2025<\/p>\n\n\n\n<figure class=\"wp-block-pullquote\"><blockquote><p>08 \u2013 15 \u2013 22 &#8211; 29 Mayo 16:00 a 17:30 &#8211; Patio Facsal<br>05-12-19-26 Junio 16:00 a 17:30 &#8211; Anexo Biblioteca<br>03 -10 Julio 16:00 a 17:30 &#8211; Hall Central<br>14 &#8211; 21 &#8211; 28 Agosto 16:00 a 17:30 &#8211; Hall Central<br>04 \u2013 11 &#8211; 25 Septiembre 16:00 a 17:30 &#8211; Patio Facsal<br>02-09-16 Octubre 16:00 a 17:30 &#8211; Anexo Biblioteca<br>23 &#8211; 30 Octubre 16:00 a 17:30 &#8211; Hall Central<br>06 &#8211; 13 &#8211; 20 &#8211; 27 Noviembre 16:00 a 17:30 &#8211; Hall Central<\/p><\/blockquote><\/figure>\n\n\n\n<p><\/p>\n\n\n\n<p>La LUDOTECA DAE proporcionar un entorno inclusivo y educativo que promueve el desarrollo integral de los participantes a trav\u00e9s de actividades l\u00fadicas, fomentando el aprendizaje cognitivo, social, emocional y f\u00edsico, mientras se garantiza un espacio seguro y enriquecedor para la diversi\u00f3n y el crecimiento personal de los estudiantes de la Universidad de Tarapac\u00e1, sede Arica.<\/p>\n\n\n\n<p><br>Procura establecer un servicio que permita fomentar y mejorar la conciliaci\u00f3n entre la vida universitaria incluida su carga acad\u00e9mica con un espacio de entretenci\u00f3n, distensi\u00f3n y relajo, con el objetivo de que la comunidad universitaria tenga un lugar f\u00edsico en el cual socializar, fomentando la comunicaci\u00f3n, el trabajo en equipo y el respeto mutuo, poniendo a disposici\u00f3n de los j\u00f3venes un lugar de encuentro donde reunirse y encontrar otros compa\u00f1eros de juego.<\/p>\n\n\n\n<p><br>En sus inicios se comenz\u00f3 realizando una rotaci\u00f3n semanal, por diferentes espacios dentro de la Universidad como son FACSAL, anexo Biblioteca, Hall edificio Ingenier\u00eda Civil Mec\u00e1nica y terminando su recorrido en el Hall Central del Campus Saucache. <\/p>\n\n\n\n<p>Funciona todos los jueves en horario de 16:00 a 17:30 y aqu\u00ed los estudiantes pueden encontrar juegos de mesa tales como: yenga, uno, ajedrez, domin\u00f3 y naipe ingl\u00e9s y espa\u00f1ol, los cuales se prestan a los alumnos de manera gratuita pudiendo cambiar de juegos durante el tiempo de dure la actividad.<\/p>\n\n\n\n<p><strong>Encargados:<\/strong><\/p>\n\n\n\n<ul class=\"wp-block-list\">\n<li><strong>Marcia Mardones, Trabajadora Social , Servicio M\u00e9dico Estudiantil<\/strong>, mmardonesa@gestion.uta.cl<\/li>\n<\/ul>\n\n\n\n<ul class=\"wp-block-list\">\n<li><strong>Jorge Cortes, funcionario DAE<\/strong>, jacortesv@gestion.uta.cl<\/li>\n<\/ul>\n\n\n\n<p><br><strong>Preguntas frecuentes:<\/strong><\/p>\n\n\n\n<p><strong>\u00bfMe tengo que inscribir?<br><\/strong>No, s\u00f3lo debes acercarte a la ludoteca ya sea con un grupo de amigos o solo, para que te puedes incorporar a alg\u00fan grupo que este participando o jugando.<\/p>\n\n\n\n<p><br><strong>\u00bfC\u00f3mo puedo saber el lugar y horario de la Ludoteca?<br><\/strong>Tanto los horarios como los lugares de funcionamiento de la Ludoteca, son publicados durante toda la semana en las redes sociales del Servicio M\u00e9dico Estudiantil y la DAE.<br><\/p>\n\n\n\n<p><strong>\u00bfSon gratis los juegos?<br><\/strong>Los juegos son prestados de manera gratuita a los estudiantes.<br><\/p>\n\n\n\n<p><strong>\u00bfCu\u00e1les son las fechas y horarios de funcionamiento?<br><\/strong>La Ludoteca funciona durante todos los jueves del primer y segundo semestres de universidad en horario de 16:00 a 17:30 horas.<br><\/p>\n\n\n\n<p><strong>\u00bfPuedo llevar mis juegos?<br><\/strong>Por su puesto que puedes traer tus juegos.<\/p>\n","protected":false},"excerpt":{"rendered":"<p>FECHAS Y LUGARES DE LUDOTECA 2025 08 \u2013 15 \u2013 22 &#8211; 29 Mayo 16:00 a 17:30 &#8211; Patio Facsal05-12-19-26 Junio 16:00 a 17:30 &#8211; Anexo Biblioteca03 -10 Julio 16:00 a 17:30 &#8211; Hall Central14 &#8211; 21 &#8211; 28 Agosto 16:00 a 17:30 &#8211; Hall Central04 \u2013 11 &#8211; 25 Septiembre 16:00 a 17:30 &#8211;&#8230;<\/p>\n","protected":false},"author":1,"featured_media":686,"parent":0,"menu_order":0,"comment_status":"closed","ping_status":"closed","template":"","meta":{"footnotes":""},"class_list":["post-630","page","type-page","status-publish","has-post-thumbnail","hentry"],"_links":{"self":[{"href":"https:\/\/webdae.uta.cl\/index.php\/wp-json\/wp\/v2\/pages\/630","targetHints":{"allow":["GET"]}}],"collection":[{"href":"https:\/\/webdae.uta.cl\/index.php\/wp-json\/wp\/v2\/pages"}],"about":[{"href":"https:\/\/webdae.uta.cl\/index.php\/wp-json\/wp\/v2\/types\/page"}],"author":[{"embeddable":true,"href":"https:\/\/webdae.uta.cl\/index.php\/wp-json\/wp\/v2\/users\/1"}],"replies":[{"embeddable":true,"href":"https:\/\/webdae.uta.cl\/index.php\/wp-json\/wp\/v2\/comments?post=630"}],"version-history":[{"count":3,"href":"https:\/\/webdae.uta.cl\/index.php\/wp-json\/wp\/v2\/pages\/630\/revisions"}],"predecessor-version":[{"id":801,"href":"https:\/\/webdae.uta.cl\/index.php\/wp-json\/wp\/v2\/pages\/630\/revisions\/801"}],"wp:featuredmedia":[{"embeddable":true,"href":"https:\/\/webdae.uta.cl\/index.php\/wp-json\/wp\/v2\/media\/686"}],"wp:attachment":[{"href":"https:\/\/webdae.uta.cl\/index.php\/wp-json\/wp\/v2\/media?parent=630"}],"curies":[{"name":"wp","href":"https:\/\/api.w.org\/{rel}","templated":true}]}}