{"id":1624,"date":"2026-03-09T10:53:08","date_gmt":"2026-03-09T13:53:08","guid":{"rendered":"https:\/\/webdae.uta.cl\/?page_id=1624"},"modified":"2026-03-09T10:53:09","modified_gmt":"2026-03-09T13:53:09","slug":"equipo-de-area-de-promocion-y-cuidados-de-la-salud","status":"publish","type":"page","link":"https:\/\/webdae.uta.cl\/index.php\/equipo-de-area-de-promocion-y-cuidados-de-la-salud\/","title":{"rendered":"Equipo de \u00c1rea de Promoci\u00f3n y Cuidados de la Salud"},"content":{"rendered":"\n<h4 class=\"wp-block-heading\">Encargado de Fiscalizaci\u00f3n de Casinos de la Sede<\/h4>\n\n\n\n<p><strong>PATRICIO ROJAS BUSTAMANTE<\/strong><br>Nutricionista<br>Correo:&nbsp;<a href=\"mailto:nuticionistadae@gestion.uta.cl\">nuticionistadae@gestion.uta.cl<\/a><br>Tel\u00e9fono: 57-2727133Horario de 09:00 a 17:00 hrs.<\/p>\n\n\n\n<h4 class=\"wp-block-heading\">Encargada de Sala de Primeros Auxilios Sede La Tirana<\/h4>\n\n\n\n<p><strong>SARITA ROJAS ZAGAL<\/strong><br>T\u00e9cnico en Nivel Superior en Enfermer\u00eda<br>Correo:&nbsp;<a href=\"mailto:srojasz@gestion.uta.cl\">srojasz@gestion.uta.cl<\/a><br>Tel\u00e9fono: 57-2727240Horario de 09:00 a 14:00 y 15:00 a 17:00 hrs.<\/p>\n\n\n\n<h4 class=\"wp-block-heading\">Encargada de Sala de Primeros Auxilios Sede Recabarren<\/h4>\n\n\n\n<p><strong>JENNIFER FERN\u00c1NDEZ N\u00da\u00d1EZ<\/strong><br>T\u00e9cnico en Nivel Superior en Enfermer\u00eda<br>Correo:&nbsp;<a href=\"mailto:jnfernandezn@gestion.uta.cl\">jnfernandezn@gestion.uta.cl<\/a><br>Tel\u00e9fono: 57-2727239Horario de 09:00 a 14:00 y 15:00 a 17:00 hrs<\/p>\n","protected":false},"excerpt":{"rendered":"<p>Encargado de Fiscalizaci\u00f3n de Casinos de la Sede PATRICIO ROJAS BUSTAMANTENutricionistaCorreo:&nbsp;nuticionistadae@gestion.uta.clTel\u00e9fono: 57-2727133Horario de 09:00 a 17:00 hrs. Encargada de Sala de Primeros Auxilios Sede La Tirana SARITA ROJAS ZAGALT\u00e9cnico en Nivel Superior en Enfermer\u00edaCorreo:&nbsp;srojasz@gestion.uta.clTel\u00e9fono: 57-2727240Horario de 09:00 a 14:00 y 15:00 a 17:00 hrs. Encargada de Sala de Primeros Auxilios Sede Recabarren JENNIFER FERN\u00c1NDEZ N\u00da\u00d1EZT\u00e9cnico&#8230;<\/p>\n","protected":false},"author":1,"featured_media":0,"parent":0,"menu_order":0,"comment_status":"closed","ping_status":"closed","template":"","meta":{"footnotes":""},"class_list":["post-1624","page","type-page","status-publish","hentry"],"_links":{"self":[{"href":"https:\/\/webdae.uta.cl\/index.php\/wp-json\/wp\/v2\/pages\/1624","targetHints":{"allow":["GET"]}}],"collection":[{"href":"https:\/\/webdae.uta.cl\/index.php\/wp-json\/wp\/v2\/pages"}],"about":[{"href":"https:\/\/webdae.uta.cl\/index.php\/wp-json\/wp\/v2\/types\/page"}],"author":[{"embeddable":true,"href":"https:\/\/webdae.uta.cl\/index.php\/wp-json\/wp\/v2\/users\/1"}],"replies":[{"embeddable":true,"href":"https:\/\/webdae.uta.cl\/index.php\/wp-json\/wp\/v2\/comments?post=1624"}],"version-history":[{"count":1,"href":"https:\/\/webdae.uta.cl\/index.php\/wp-json\/wp\/v2\/pages\/1624\/revisions"}],"predecessor-version":[{"id":1625,"href":"https:\/\/webdae.uta.cl\/index.php\/wp-json\/wp\/v2\/pages\/1624\/revisions\/1625"}],"wp:attachment":[{"href":"https:\/\/webdae.uta.cl\/index.php\/wp-json\/wp\/v2\/media?parent=1624"}],"curies":[{"name":"wp","href":"https:\/\/api.w.org\/{rel}","templated":true}]}}